8 + (-3 - -4) + 1.
-77
What is 1 + 18 + -14 + (121 - 208)?
-82
-43 - (0 + 14 + -15 - (15 - 14))
-41
What is (4 - 13) + (3 - 54 - (15 - (19 - -6)))?
-50
(2 + 22 - -29) + -10 + -9
34
Evaluate 21 + (9 - -9) + -82 + 1.
-42
Calculate (-22868 - -22879) + 1 + -2 + 2 + -25.
-13
What is the value of 100 + -132 - (-167 + 45)?
90
40 + 1 + (61 + 100 - 148)
54
What is (4 - -1) + (-133 + 41 - -88) - -82?
83
What is the value of 12 + -65 + 1 + (3 - (-40 - -21))?
-30
Evaluate (-4 - 2 - 2) + 87 + (-7 - (5 - 10)).
77
-114 - (123 + (-122 - 121))
6
What is -50 + -23 + -37 + 79?
-31
What is -68 + 197 + -101 - 15?
13
Calculate 6 + -19 - (-90 + 25).
52
What is 0 + 61 - -3 - (827 + -833)?
70
Calculate ((11 - 10) + -12 - (24 - 31)) + 12.
8
684 + -720 + 7 + 3 - (-6 + 0)
-20
-89 - -34 - -31 - -65
41
-23 + (96 - (63 + -13))
23
(-142 - -41) + 98 + (1 + -66 - (-3 - -2))
-67
What is the value of (37 - 57 - -29) + -15?
-6
-5 + -25 + (-6 - (-9 + -13)) - -18
4
Evaluate -5 - -1 - (20 + -1 - (17 + 99 + -139)).
-46
Evaluate (50 - 20 - 125) + 22.
-73
Evaluate -7 + 2 + 15 - (-4 - (22 + -6 + -9)).
21
-11 + 6 + (1 - -75 - (-10 - (-1 - 5)))
75
What is the value of -115 + 95 + 2 - 40?
-58
What is the value of (-8 + 5 - -6) + (63 + -1 - (-8 - -10))?
63
What is 27 - 13 - -17 - (4 + (-6 - 0) + 1)?
32
What is 1 - (1 - -107) - (-47 + 46) - (9 - 2)?
-113
What is 35 + -1 + 1 - (-84 - -155 - 60)?
24
Evaluate -13 + (-10 - -19) + (125 - 133).
-12
What is -3 + 1 + (-12 - (-19 - (-9 - -10))) + -64?
-58
Evaluate 2 + -3 + (3 - 12) + (23 + -17 - -28).
24
-45 - (48 + -32) - -27
-34
(-18 - -5) + (-22 - -14 - -19) - (35 + 0)
-37
(1 - -4 - 9) + -93 - -27
-70
Evaluate (-16 + 26 - 2) + -111 - (-4 + 4 + -1).
-102
What is the value of -18 + 4 - (21 - -2 - (-73 - -5))?
-105
Calculate -3 + 6 + -33 + 14 + -103 + -3.
-122
18 - 58 - -39 - (34 + (-7 - -3))
-31
Calculate 237 + -242 - (-1 - 20) - (0 + 26).
-10
2 + -22 + (21 - (14 + 41))
-54
-63 + 2 - (-5 + 21 + (-10 - 9 - -3))
-61
76 + 1 + 8 + -3 + -3 + (-81 - -72)
70
What is the value of 13 - (-11 + (26 - 15) - -15)?
-2
-2612 + 2646 + (-23 - 2 - 3)
6
Evaluate -34 + (9 - -1) + (5 - -20).
1
What is (5 + -16 - -30 - 78) + 24?
-35
Calculate (0 + 6 + 0 - 5) + 71 + -26.
46
Calculate (18 - 10) + 0 + -3 + 11 + -58.
-42
Calculate -1 - 182 - (30 + -151).
-62
What is the value of 36 + 6 + -26 + 23 + (-2 - 1)?
36
53 + 0 + 1 + (78 - 173) + 88
47
Evaluate (50 - 66 - (-2 + 0)) + (34 - 3).
17
Evaluate 5 + 16 + -2 + (3 - 3 - -11).
30
1096 - 1151 - (-2 - 109)
56
Evaluate -86 + 137 + 7 + (-13 - -1).
46
Calculate (40 + -67 - -124) + 31 - 13.
115
What is the value of -80 - -158 - 62 - 132?
-116
Calculate 10 - (0 + (-52 - -13)).
49
What is 0 - 17 - (-127 + 27 - (-12 - 21))?
50
Evaluate -22 - (-12 + (16 - 13) - (-24 - -2)).
-35
Calculate 2 + -8 - (-18 + 12 + 7) - -40.
33
Evaluate (2 - (47 + -36 - (3 + 8))) + (3 - -1).
6
What is (-1225 - -1120) + 54 + -4?
-55
What is the value of (-106 + 66 - -22) + -18?
-36
What is the value of 46 - ((-47 - (-3 + -42)) + 5 + 0 + -2)?
45
What is 1 + 4 + -59 + 0 - (51 - (57 - -1))?
-47
Evaluate 6 + (1 - 0) - (-210 + 95 + 123).
-1
What is the value of (14 + -1 - (428 + -423)) + -8?
0
What is -14 - (-18 - (0 - 9 - 17))?
-22
49 + -4 + 52 + -104 + 39
32
What is (-23 + 0 + 2 - -26) + (-9 - -10)?
6
Calculate -55 + 61 + -34 + -11.
-39
-11 + (41 - (43 + -32)) + -103
-84
-9 + 18 + -10 + 10 + -15 + 40 + 2
36
Evaluate 31 + 113 + (32 - 150).
26
Evaluate 117 + (-22 - 28) + -47.
20
Evaluate (-242 - -215) + (-22 - -23 - (0 + 0 + 7)).
-33
Calculate -13 - (-732 + 724 - (-3 - -1)) - (53 + -2).
-58
Evaluate -12 + 1 + (314 + 121 - 315).
109
Evaluate -11 - (-83 - (17 + -6 + -13 - (7 + -14))).
77
Evaluate (16 - -15 - 26) + -14 + -6 + 15.
0
What is -32 + -1 + 181 + -166?
-18
Calculate -33 + -361 + 391 + (-13 - (3 - (3 + -2))).
-18
Calculate 2 + (-1 + 5 - (-1 + -1)) + -185 + 167.
-10
-1 - ((-29 - -27) + (-3 - -1) + -8)
11
Evaluate (-44 - -26) + (14 + -36 - -22).
-18
-1200 + 1168 - (-2 - 56)
26
Calculate (1 - -196) + -234 + 438 + -249.
152
(-1 - -10) + 0 + -22 + (8 - -94) + -1
88
What is the value of 7 + -5 + -50 + 1 + -5 + 1 + -3?
-54
Calculate -73 + 265 + 89 + -198.
83
What is -93 - (30 + 41 + -17 + -23 + -6)?
-118
Evaluate 4 + -1 + 4 - (-28 - (8 - 20) - -132).
-109
Calculate -3 - 2 - ((-25 - (-10 - 32)) + -109).
87
0 + 1 + -4 - (-27 - -13) - 51
-40
Evaluate 27 + (-80 - 24 - -110).
33
What is the value of 13 - -38 - 12 - 69?
-30
11 + (-24 + 0 - -10) - (43 + 3 + -5)
-44
What is the value of 39 + -156 + -14 + 99?
-32
Evaluate -55 - (32 + -50 - (-7 - 11)).
-55
Calculate -2 + 0 + -5 - (264 + -224).
-47
-118 - ((9 - -19) + -2 - 33)
-111
What is 1 - 1 - (-35 + 19 + (-14 - -4))?
26
What is the value of -7 - -11 - ((28 - (-4 - -14)) + 2)?
-16
What is the value of 32154 + -32161 - (0 - 0 - -81)?
-88
Evaluate 0 + 0 - -2 - (37 + (68 - 102)) - 11.
-12
Calculate 14 - (52 - 71 - -60).
-27
-6458 - -6423 - (0 + (2 - -15))
-52
Evaluate 73 + (20 - (66 - 25)) + -27 + -1 + -8.
16
What is the value of (0 - 48) + (60 + 10 - 49)?
-27
What is the value of -18 - -60 - ((32 - 8) + -13 + 2)?
29
What is the value of -55 - (16 - (-56 - -196))?
69
Evaluate 89 + -25 + -33 + 13.
44
Evaluate -2 - (-20 + 5 - (-5 + 6 + -7) - -52).
-45
Evaluate -9 - ((-5 - -4) + 16 + -29 + -1).
6
Evaluate -13 - (-56 - -39) - -29.
33
What is the value of (6 + -21 + 2 - (27 + -38)) + 1 + -10?
-11
Calculate 26 + (2 + (-14 - -2) + -1 - -1).
16
Calculate 0 + -28 + 10 - -22.
4
Calculate 38 - (-51 + (27 - -25)).
37
What is the value of (12 - (-192 - -55)) + (13 - 7) + -3?
152
Calculate 76 - (27 - 35 - 12).
96
What is the value of -58 - (-268 - -89) - 41?
80
What is the value of 7 + (-25 - (-7 + -6) - -78 - 10)?
63
What is 0 - ((-26 - -18) + 11) - (-6 - -59)?
-56
Calculate -42 + -15 - (-45 + -3).
-9
53 - (44 + -57 + 51)
15
What is the value of -26 + (-4 + -12 - 22 - -34)?
-30
What is (-18 - -10) + (-9 + 1 - (-26 - -57))?
-47
Evaluate 199 - 100 - 243 - -30.
-114
Calculate -40 + 5 + (162 - 132) + 0 + (-89 - -1).
-93
-16 - -1 - (841 + -859)
3
What is the value of -4 + (19 + -8 - 1) + -2 + -17?
-13
What is the value of -30 + (26 - -11) + 66 + 2 + 12 + 4?
91
81 - (29 - (20 + (15 - -9)) - (2 + -24))
74
Calculate (-26 - (-71 + 21) - -2) + -29.
-3
What is -2 + -42 + (-242 - -232) + 0 + 10?
-44
Evaluate 6 - 10 - (5921 + -5876 - (0 + (-1 - -2))).
-48
What is 0 - -23 - ((-208 - -210 - (-2 - -1)) + -13)?
33
Evaluate -7 + -9 - (-12 + 27 + 6 - 2).
-35
(7 - 1) + (-42 - -88 - 30)
22
What is the value of (-13 - 2) + -54 + 86 + 0?
17
What is the value of (-63 - (-124 - -98)) + 11 + (1 - 0)?
-25
Evaluate (-3 - (-36 + 39 + 6)) + 96.
84
Evaluate 8 + (-38 - -39) + 8 - 74.
-57
6 - (4 + 2 + (10 - 20)) - (-19 + 46)
-17
What is the value of (-1 - 30) + (44 - -12 - 43)?
-18
Evaluate 86 + 46 + -73 + 3 + 12 + 1.
75
What is 29 - 41 - (-33 + 8)?
13
What is the value of (2 - 0 - 10) + -72 + (47 - -1)?
-32
6 + -91 - -8 - -79
2
Calculate (-123 - -127) + (-5 - (13 - 2)).
-12
What is the value of 9 + (29 - 14) - ((1 - (-9 - 2)) + -7)?
19
Calculate -1 + (-7 - 1) - (95 + -51).
-53
Calculate 56 + -4 + -38 - -23.
37
What is the value of -7 + (66 + -1 - (16 - (16 - (-14 - -18))))?
54
What is 64 - (-85 + 146) - (-35 - 6)?
44
What is the value of 3633 + -3662 + (-7 - 1)?
-37
What is the value of 6 + (-5 - (-3 + 4) - (-73 - -32 - -2))?
39
What is 8 + 43 - (-16 - ((-36 - -15) + 16))?
62
What is -176 + 1 + (5025 - 4924)?
-74
What is (-1 - 39) + 10 + 20 + -9 + -10?
-29
What is the value of 97 + -87 - 2 - 1?
7
Calculate -3 + (3 - (10 - 15)) + 3 + -3 + -48.
-43
Evaluate -23 + (-19 - -9) - -13 - -33.
13
Evaluate 12 + (9 - (9 + 8 - -7)) + 5.
2
Calculate 33 + -11 - (-71 - -75) - (-1 + -35).
54
What is -26 + -11 + (-9 - -2) + -10?
-54
Evaluate 30 - (10 - -3) - 20 - (1 - 1).
-3
-92 + -3 + 14 + 0 + (-27 - (-45 - -20))
-83
Calculate -267 + 280 - (-56 + 17).
52
What is the value of 330 + -300 - (30 - -4)?
-4
What is the value of -16 + (109 + -78 - 16)?
-1
Calculate -65 - ((29 - (-6 - -16)) + -35 + 23).
-72
What is the value of (-94 + 55 - -47) + -19?
-11
-65 - (-114 + -37 + 50)
36
What is the value of (46 - 1) + (220 - 233) - (2 + -10)?
40
What is the value of -14 - (-2307 + 2340 - (-1 - 10))?
-58
40 + -48 - (0 + 9 + -2 - -35)
-50
Evaluate -13 + (-31 - -17 - (-2 - -2 - 37)).
10
Evaluate -6